{"id":106,"date":"2018-04-25T15:30:28","date_gmt":"2018-04-25T13:30:28","guid":{"rendered":"http:\/\/test1.jazaconsulting.sk\/?page_id=106"},"modified":"2024-04-23T09:24:29","modified_gmt":"2024-04-23T07:24:29","slug":"metasonic-process-suite-p","status":"publish","type":"page","link":"https:\/\/www.jazaconsulting.sk\/?page_id=106","title":{"rendered":"metasonic\u00ae Process Suite"},"content":{"rendered":"<p>[vc_row][vc_column][vc_column_text]<\/p>\n<table class=\" aligncenter\" style=\"width: 656px;\">\n<tbody>\n<tr style=\"height: 22px;\">\n<td style=\"width: 160px; height: 22px; vertical-align: middle; text-align: left;\"><img loading=\"lazy\" decoding=\"async\" class=\"alignnone size-medium wp-image-663\" src=\"https:\/\/www.jazaconsulting.sk\/wp-content\/uploads\/2019\/01\/Logo-Metasonic-HP_04-300x120.png\" alt=\"\" width=\"300\" height=\"120\" srcset=\"https:\/\/www.jazaconsulting.sk\/wp-content\/uploads\/2019\/01\/Logo-Metasonic-HP_04-300x120.png 300w, https:\/\/www.jazaconsulting.sk\/wp-content\/uploads\/2019\/01\/Logo-Metasonic-HP_04.png 340w\" sizes=\"(max-width: 300px) 100vw, 300px\" \/><\/td>\n<td style=\"width: 34.4px; height: 22px; vertical-align: middle; text-align: left;\"><\/td>\n<td style=\"width: 432.8px; height: 22px; vertical-align: middle; text-align: left;\">metasonic\u00ae Process Suite predstavuje\u00a0<strong>Next Generation BPM Suite &amp; Business Software<\/strong>\u00a0umo\u017e\u0148uj\u00faci :<\/p>\n<p>\u2022 modelovanie procesov<br \/>\n\u2022 optimaliz\u00e1ciu procesov<br \/>\n\u2022 automatiz\u00e1ciu procesov<br \/>\n\u2022 meranie v\u00fdkonnosti procesov<\/td>\n<\/tr>\n<\/tbody>\n<\/table>\n<p><strong>Hlavnou konkuren\u010dnou v\u00fdhodou oproti in\u00fdm produktom je ve\u013emi r\u00fdchle a jednoduch\u00e9 vytvorenie re\u00e1lnej IT aplik\u00e1cie z procesn\u00e9ho modelu iba v 3 krokoch :<\/strong><\/p>\n<table style=\"width: 640.8px;\">\n<tbody>\n<tr style=\"height: 279px;\">\n<td style=\"width: 23px;\"><\/td>\n<td style=\"width: 615.8px; height: 279px;\">\n<ul style=\"list-style-type: circle;\">\n<li><span style=\"font-size: 1rem;\"><strong>procesn\u00fd model<\/strong>\u00a0&#8211; u\u017e\u00edvatelia (biznis oddelenie) s podporou IT oddelenia namodeluj\u00fa svoj proces(y) a definuj\u00fa slu\u017eby potrebn\u00e9 na efekt\u00edvne plnenie svojich \u00faloh. Tento proces(y) m\u00f4\u017eu ihne\u010f interakt\u00edvne validova\u0165 s in\u00fdmi u\u017e\u00edvate\u013emi vyu\u017eit\u00edm web platformy bez ak\u00e9hoko\u013evek programovania.<\/span><\/li>\n<li><span style=\"font-size: 1rem;\"><strong>integr\u00e1cia<\/strong>\u00a0&#8211; u\u017e\u00edvatelia m\u00f4\u017eu jednoducho prepoji\u0165 svoje procesn\u00e9 modely na existuj\u00face IT aplik\u00e1cie, z ktor\u00fdch potrebuj\u00fa d\u00e1ta a tie\u017e ve\u013emi jednoducho prepoji\u0165 procesn\u00e9 modely s organiza\u010dnou \u0161trukt\u00farou.<\/span><\/li>\n<li><span style=\"font-size: 1rem;\"><strong>vykon\u00e1vanie<\/strong>\u00a0&#8211; u\u017e\u00edvatelia realizuj\u00fa proces(y) automatizovane presne tak, ako si ho namodelovali. metasonic\u00ae Process Suite automaticky generuje z biznis procesn\u00e9ho modelu IT workflow aplik\u00e1ciu. U\u017e\u00edvatelia s\u00fa pri plnen\u00ed svojich \u00faloh automaticky veden\u00ed krok za krokom v s\u00falade s pravidlami priebehu procesu.<\/span><\/li>\n<\/ul>\n<\/td>\n<\/tr>\n<\/tbody>\n<\/table>\n<p>Jedine\u010dnou \u010drtou metasonic\u00ae Process Suite je pou\u017eitie patentovo chr\u00e1nenej <strong>S-BPM (Subject-Oriented Business Process Management) metodol\u00f3gie<\/strong>.<br \/>\nS-BPM metodol\u00f3gia predstavuje revolu\u010dn\u00fa zmenu oproti klasick\u00fdm BPMN metodik\u00e1m. Popis procesov (modelovanie) je orientovan\u00e9 na \u00fa\u010dastn\u00edkov procesov (subjekty) a popis komunik\u00e1cie a v\u00e4zieb medzi nimi.<\/p>\n<p><strong>metasonic\u00ae Process Suite<\/strong><strong> tvoria <\/strong><strong>4 z\u00e1kladn\u00e9 moduly :<\/strong><\/p>\n<table style=\"width: 754.6px;\">\n<tbody>\n<tr>\n<td style=\"width: 165px;\"><img loading=\"lazy\" decoding=\"async\" class=\"alignnone wp-image-262 size-full\" src=\"https:\/\/www.jazaconsulting.sk\/wp-content\/uploads\/2018\/04\/metasonic_build.png\" alt=\"\" width=\"125\" height=\"131\" \/><\/td>\n<td style=\"width: 581.6px; text-align: left; vertical-align: top;\"><strong>metasonic\u00ae\u00a0<\/strong><strong>BUILD<\/strong>\u00a0&#8211; prostredie pre anal\u00fdzu, modelovanie a\u00a0dizajn procesov pomocou S-BPM metodol\u00f3gie. \u00da\u010dastn\u00edci procesov m\u00f4\u017eu ve\u013emi jednoducho len s pou\u017eit\u00edm 5 symbolov a bez ak\u00e9hoko\u013evek programovania modelova\u0165 svoje procesy vyu\u017e\u00edvaj\u00fac intuit\u00edvne orientovan\u00fd u\u017e\u00edvate\u013esk\u00fd interfejs a prip\u00e1ja\u0165 potrebn\u00e9 slu\u017eby. Zabezpe\u010duje tie\u017e integr\u00e1ciu procesn\u00e9ho biznis modelu do IT prostredia.<\/td>\n<\/tr>\n<tr>\n<td style=\"width: 165px;\"><img loading=\"lazy\" decoding=\"async\" class=\"alignnone wp-image-264 size-full\" src=\"https:\/\/www.jazaconsulting.sk\/wp-content\/uploads\/2018\/04\/metasonic_proof.png\" alt=\"\" width=\"125\" height=\"135\" \/><\/td>\n<td style=\"width: 581.6px; text-align: left; vertical-align: top;\"><strong>metasonic\u00ae\u00a0<\/strong><strong>PROOF<\/strong>\u00a0\u00a0&#8211; modul pre valid\u00e1ciu a optimaliz\u00e1ciu procesn\u00e9ho modelu. Je zalo\u017een\u00fd na princ\u00edpe S-BPM metodiky a umo\u017e\u0148uje interakt\u00edvne testovanie IT aplik\u00e1cie, vytvorenej automaticky z procesn\u00e9ho modelu bez ak\u00e9hoko\u013evek programovania. Valid\u00e1ciou procesn\u00e9ho modelu a IT aplik\u00e1cie sa realizuje aj ich optimaliz\u00e1cia.<\/td>\n<\/tr>\n<tr>\n<td style=\"width: 165px;\"><img loading=\"lazy\" decoding=\"async\" class=\"alignnone wp-image-261 \" src=\"https:\/\/www.jazaconsulting.sk\/wp-content\/uploads\/2018\/04\/metasonic_base.png\" alt=\"\" width=\"125\" height=\"135\" \/><\/td>\n<td style=\"width: 581.6px; text-align: left; vertical-align: top;\"><strong>metasonic\u00ae\u00a0<\/strong><strong>BASE<\/strong>\u00a0&#8211; administrat\u00edvny komponent zabezpe\u010duj\u00faci potrebn\u00fa infra\u0161trukt\u00faru fungovania metasonic\u00ae Process Suite v\u00a0prev\u00e1dzkovom prostred\u00ed. Pou\u017e\u00edva sa aj na namapovanie organiza\u010dnej \u0161trukt\u00fary na procesn\u00fd biznis model ( role, u\u017e\u00edvatelia, skupiny).<\/td>\n<\/tr>\n<tr>\n<td style=\"width: 165px;\"><img loading=\"lazy\" decoding=\"async\" class=\"alignnone wp-image-263 size-full\" src=\"https:\/\/www.jazaconsulting.sk\/wp-content\/uploads\/2018\/04\/metasonic_flow.png\" alt=\"\" width=\"125\" height=\"132\" \/><\/td>\n<td style=\"width: 581.6px; text-align: left; vertical-align: top;\"><strong>metasonic\u00ae FLOW<\/strong>\u00a0&#8211; predstavuje vykon\u00e1vate\u013en\u00fa (execution) aplik\u00e1ciu pre riadenie workflow automaticky generovan\u00fa z procesn\u00e9ho biznis modelu bez ak\u00e9hoko\u013evek programovania. metasonic\u00ae FLOW predstavuje procesn\u00fd port\u00e1l metasonic\u00ae Process Suite. Umo\u017e\u0148uje subjektovo orientovan\u00fd pr\u00edstup k biznis procesom, ktor\u00e9 s\u00fa namodelovan\u00e9 v metasonic\u00ae BUILD. Koncov\u00ed u\u017e\u00edvatelia metasonic\u00ae Process Suite pou\u017e\u00edvaj\u00fa len tento modul metasonic\u00ae Process Suite.<\/td>\n<\/tr>\n<\/tbody>\n<\/table>\n<p>Jedine\u010dnou a unik\u00e1tnou konkuren\u010dnou v\u00fdhodou metasonic\u00ae Process Suite je mo\u017enos\u0165 modelovania na <strong>interakt\u00edvnom modelovacom stole m<\/strong><strong>etasonic\u00ae Process Touch<\/strong>, \u010do hlavne \u013eu\u010fom z biznisu zna\u010dne u\u013eah\u010duje a zjednodu\u0161uje modelovanie a tie\u017e odstra\u0148uje obvykl\u00e9 bari\u00e9ry pred &#8222;po\u010d\u00edta\u010dom a obrazovkou&#8220;.<\/p>\n<p><img loading=\"lazy\" decoding=\"async\" class=\"wp-image-265 size-medium alignnone\" src=\"https:\/\/www.jazaconsulting.sk\/wp-content\/uploads\/2018\/04\/metasonic_touch-300x169.png\" alt=\"\" width=\"300\" height=\"169\" srcset=\"https:\/\/www.jazaconsulting.sk\/wp-content\/uploads\/2018\/04\/metasonic_touch-300x169.png 300w, https:\/\/www.jazaconsulting.sk\/wp-content\/uploads\/2018\/04\/metasonic_touch-768x434.png 768w, https:\/\/www.jazaconsulting.sk\/wp-content\/uploads\/2018\/04\/metasonic_touch-1024x578.png 1024w, https:\/\/www.jazaconsulting.sk\/wp-content\/uploads\/2018\/04\/metasonic_touch.png 1132w\" sizes=\"(max-width: 300px) 100vw, 300px\" \/><img loading=\"lazy\" decoding=\"async\" class=\"wp-image-266 size-medium alignnone\" style=\"font-size: 1rem;\" src=\"https:\/\/www.jazaconsulting.sk\/wp-content\/uploads\/2018\/04\/metasonic_touch2-300x167.png\" alt=\"\" width=\"300\" height=\"167\" srcset=\"https:\/\/www.jazaconsulting.sk\/wp-content\/uploads\/2018\/04\/metasonic_touch2-300x167.png 300w, https:\/\/www.jazaconsulting.sk\/wp-content\/uploads\/2018\/04\/metasonic_touch2.png 349w\" sizes=\"(max-width: 300px) 100vw, 300px\" \/><\/p>\n<p>&nbsp;<\/p>\n<p><strong>metasonic\u00ae Process Suite &#8211; Next Generation BPM Suite &amp; Business Software :<\/strong><\/p>\n<table style=\"width: 712.4px;\">\n<tbody>\n<tr>\n<td style=\"width: 23px;\"><\/td>\n<td style=\"width: 689.4px;\">\n<ul style=\"list-style-type: circle;\">\n<li>extr\u00e9mne kr\u00e1tky \u010das vytvorenia re\u00e1lnej IT aplik\u00e1cie (prototyp pripraven\u00fd do 3-4 t\u00fd\u017ed\u0148ov)<\/li>\n<li>vysok\u00e1 zaanga\u017eovanos\u0165 biznis oddelen\u00ed pri tvorbe vlastnej IT aplik\u00e1cie<\/li>\n<li>siln\u00e9 prepojenie a odstr\u00e1nenie bari\u00e9r medzi biznisom a IT<\/li>\n<li>kontinu\u00e1lne zlep\u0161ovanie IT aplik\u00e1cie namiesto realiz\u00e1cie projektov<\/li>\n<li>dramatick\u00e9 zn\u00ed\u017eenie n\u00e1kladov na servis a \u00fadr\u017ebu IT aplik\u00e1cie<\/li>\n<li>umo\u017e\u0148uje meranie v\u00fdkonnosti procesov na b\u00e1ze KPI<\/li>\n<li>optimaliz\u00e1cia procesov zalo\u017een\u00e1 na faktoch a \u010d\u00edslach z re\u00e1lnej prev\u00e1dzky procesov, nie na &#8222;benchmarkingu&amp;best practices&#8220;<\/li>\n<li>podporovan\u00e9 agiln\u00e9 met\u00f3dy v\u00fdvoja aplik\u00e1cie (SCRUM)<\/li>\n<li>rie\u0161enie vhodn\u00e9 pre procesn\u00fd Cloud<\/li>\n<li>nat\u00edvna integr\u00e1cia s v\u00fdkonn\u00fdm DMS\/ECM syst\u00e9mom<\/li>\n<\/ul>\n<\/td>\n<\/tr>\n<\/tbody>\n<\/table>\n<p>&nbsp;<\/p>\n<p><strong>metasonic\u00ae Process Suite &#8211; z\u00e1kazn\u00edkmi deklarovan\u00e9 pr\u00ednosy z re\u00e1lnych implement\u00e1cii :<\/strong><\/p>\n<table style=\"width: 711px;\">\n<tbody>\n<tr>\n<td style=\"width: 23px;\"><\/td>\n<td style=\"width: 682.8px;\">\n<ul style=\"list-style-type: circle;\">\n<li>skr\u00e1tenie \u010dasu v\u00fdvoja IT aplik\u00e1cie : 40 &#8211; 60 %<\/li>\n<li>zn\u00ed\u017eenie n\u00e1kladov na v\u00fdvoj IT aplik\u00e1cie : 60 &#8211; 80 %<\/li>\n<li>skr\u00e1tenie doby realiz\u00e1cie procesu : 30 &#8211; 70 %<\/li>\n<li>zv\u00fd\u0161enie priepustnosti procesu : 20 &#8211; 30 %<\/li>\n<li>zn\u00ed\u017eenie n\u00e1kladov na implement\u00e1ciu a servis ERP aplik\u00e1cii : 20 &#8211; 40 %<\/li>\n<li>edukcia change managementu v IT aplik\u00e1ciach :\u00a0 20 &#8211; 30 %<\/li>\n<\/ul>\n<\/td>\n<\/tr>\n<\/tbody>\n<\/table>\n<p style=\"padding-left: 30px;\">\n<table style=\"width: 800px;\">\n<tbody>\n<tr>\n<td><\/td>\n<\/tr>\n<\/tbody>\n<\/table>\n<p>[\/vc_column_text][\/vc_column][\/vc_row]<\/p>\n","protected":false},"excerpt":{"rendered":"<p>[vc_row][vc_column][vc_column_text] metasonic\u00ae Process Suite predstavuje\u00a0Next Generation BPM Suite &amp; Business Software\u00a0umo\u017e\u0148uj\u00faci : \u2022 modelovanie procesov \u2022 optimaliz\u00e1ciu procesov \u2022 automatiz\u00e1ciu procesov \u2022 meranie v\u00fdkonnosti procesov Hlavnou konkuren\u010dnou v\u00fdhodou oproti in\u00fdm produktom je ve\u013emi r\u00fdchle a jednoduch\u00e9 vytvorenie re\u00e1lnej IT aplik\u00e1cie z procesn\u00e9ho modelu iba v 3 krokoch : procesn\u00fd model\u00a0&#8211; u\u017e\u00edvatelia (biznis oddelenie) s podporou &hellip; <\/p>\n<p class=\"link-more\"><a href=\"https:\/\/www.jazaconsulting.sk\/?page_id=106\" class=\"more-link\">Pokra\u010dova\u0165 v \u010d\u00edtan\u00ed<span class=\"screen-reader-text\"> &#8222;metasonic\u00ae Process Suite&#8220;<\/span><\/a><\/p>\n","protected":false},"author":1,"featured_media":0,"parent":90,"menu_order":1,"comment_status":"closed","ping_status":"closed","template":"","meta":{"footnotes":""},"_links":{"self":[{"href":"https:\/\/www.jazaconsulting.sk\/index.php?rest_route=\/wp\/v2\/pages\/106"}],"collection":[{"href":"https:\/\/www.jazaconsulting.sk\/index.php?rest_route=\/wp\/v2\/pages"}],"about":[{"href":"https:\/\/www.jazaconsulting.sk\/index.php?rest_route=\/wp\/v2\/types\/page"}],"author":[{"embeddable":true,"href":"https:\/\/www.jazaconsulting.sk\/index.php?rest_route=\/wp\/v2\/users\/1"}],"replies":[{"embeddable":true,"href":"https:\/\/www.jazaconsulting.sk\/index.php?rest_route=%2Fwp%2Fv2%2Fcomments&post=106"}],"version-history":[{"count":31,"href":"https:\/\/www.jazaconsulting.sk\/index.php?rest_route=\/wp\/v2\/pages\/106\/revisions"}],"predecessor-version":[{"id":706,"href":"https:\/\/www.jazaconsulting.sk\/index.php?rest_route=\/wp\/v2\/pages\/106\/revisions\/706"}],"up":[{"embeddable":true,"href":"https:\/\/www.jazaconsulting.sk\/index.php?rest_route=\/wp\/v2\/pages\/90"}],"wp:attachment":[{"href":"https:\/\/www.jazaconsulting.sk\/index.php?rest_route=%2Fwp%2Fv2%2Fmedia&parent=106"}],"curies":[{"name":"wp","href":"https:\/\/api.w.org\/{rel}","templated":true}]}}