{"id":146,"date":"2018-04-25T15:54:50","date_gmt":"2018-04-25T13:54:50","guid":{"rendered":"http:\/\/test1.jazaconsulting.sk\/?page_id=146"},"modified":"2024-04-24T15:37:21","modified_gmt":"2024-04-24T13:37:21","slug":"orchestra-r","status":"publish","type":"page","link":"https:\/\/www.jazaconsulting.sk\/?page_id=146","title":{"rendered":"Orchestra"},"content":{"rendered":"<table style=\"width: 845px;\">\n<tbody>\n<tr>\n<td style=\"width: 300px; text-align: left; vertical-align: top;\"><img loading=\"lazy\" decoding=\"async\" class=\"aligncenter wp-image-356\" src=\"https:\/\/www.jazaconsulting.sk\/wp-content\/uploads\/2018\/04\/trans-e1525032127742-300x170.png\" alt=\"\" width=\"150\" height=\"85\" srcset=\"https:\/\/www.jazaconsulting.sk\/wp-content\/uploads\/2018\/04\/trans-e1525032127742-300x170.png 300w, https:\/\/www.jazaconsulting.sk\/wp-content\/uploads\/2018\/04\/trans-e1525032127742.png 429w\" sizes=\"(max-width: 150px) 100vw, 150px\" \/><\/td>\n<td style=\"width: 50px;\"><\/td>\n<td style=\"width: 500px;\"><strong>Transpetrol<\/strong><\/p>\n<ul>\n<li>Predaj licenci\u00ed Orchestra<\/li>\n<li>Pilotn\u00fd projekt implement\u00e1cie integra\u010dnej platformy Orchestra v rozsahu integr\u00e1cie syst\u00e9mov SCADA (technologick\u00fd syst\u00e9m), RIS (Ropovodn\u00fd Informa\u010dn\u00fd syst\u00e9m) a Bilancia ropy (SAP)<\/li>\n<li>Integr\u00e1cia syst\u00e9mov prev\u00e1dzky integra\u010dnou platformou Orchestra &#8211; SCADA (technologick\u00fd syst\u00e9m), RIS (Ropovodn\u00fd Informa\u010dn\u00fd syst\u00e9m), Bilancia ropy (SAP), Riadenie \u00fadr\u017eby a opr\u00e1v (SAP PM), iCard, Incident Control, SAP ERP<\/li>\n<li>Integr\u00e1cia SAP ERP a ActiveProcurement<\/li>\n<li>Integr\u00e1cia informa\u010dn\u00e9ho syst\u00e9mu Registrat\u00fary so SAP ERP a IBM FileNet<\/li>\n<li>Integr\u00e1cia DMS (Document Management System) metasonic Doc Suite s Registrat\u00farou a SAP ERP<\/li>\n<li>Integr\u00e1cia Registrat\u00fary a SAP ERP<\/li>\n<li>Poskytovanie slu\u017eieb &#8222;Podpora a servis integra\u010dnej platformy Orchestra&#8220; vo vopred dohodnutom rozsahu (SLA)<\/li>\n<li>Realiz\u00e1cia upgrade integra\u010dnej platformy Orchestra na aktu\u00e1lnu verziu<\/li>\n<\/ul>\n<\/td>\n<\/tr>\n<\/tbody>\n<\/table>\n<p><strong>\u00a0<\/strong><\/p>\n<p><span style=\"font-size: 14pt;\"><strong>V\u00fdber zahrani\u010dn\u00fdch referenci\u00ed Orchestra<\/strong><\/span><\/p>\n<p><strong>Finan\u010dn\u00fd sektor, \u0161t\u00e1tna spr\u00e1va, zdravotn\u00edctvo<\/strong><\/p>\n<p><img loading=\"lazy\" decoding=\"async\" class=\"aligncenter wp-image-383 size-full\" src=\"https:\/\/www.jazaconsulting.sk\/wp-content\/uploads\/2018\/04\/orchref-e1525033771359.png\" alt=\"\" width=\"762\" height=\"464\" srcset=\"https:\/\/www.jazaconsulting.sk\/wp-content\/uploads\/2018\/04\/orchref-e1525033771359.png 762w, https:\/\/www.jazaconsulting.sk\/wp-content\/uploads\/2018\/04\/orchref-e1525033771359-300x183.png 300w\" sizes=\"(max-width: 706px) 89vw, (max-width: 767px) 82vw, 740px\" \/><\/p>\n<p><strong>Priemysel, energetika, telekomunik\u00e1cie<\/strong><\/p>\n<p><img loading=\"lazy\" decoding=\"async\" class=\"aligncenter wp-image-387 size-full\" src=\"https:\/\/www.jazaconsulting.sk\/wp-content\/uploads\/2018\/04\/orchref2-e1525033957422.png\" alt=\"\" width=\"759\" height=\"468\" srcset=\"https:\/\/www.jazaconsulting.sk\/wp-content\/uploads\/2018\/04\/orchref2-e1525033957422.png 759w, https:\/\/www.jazaconsulting.sk\/wp-content\/uploads\/2018\/04\/orchref2-e1525033957422-300x185.png 300w\" sizes=\"(max-width: 706px) 89vw, (max-width: 767px) 82vw, 740px\" \/><\/p>\n<hr \/>\n<p style=\"padding-left: 60px;\">\n","protected":false},"excerpt":{"rendered":"<p>Transpetrol Predaj licenci\u00ed Orchestra Pilotn\u00fd projekt implement\u00e1cie integra\u010dnej platformy Orchestra v rozsahu integr\u00e1cie syst\u00e9mov SCADA (technologick\u00fd syst\u00e9m), RIS (Ropovodn\u00fd Informa\u010dn\u00fd syst\u00e9m) a Bilancia ropy (SAP) Integr\u00e1cia syst\u00e9mov prev\u00e1dzky integra\u010dnou platformou Orchestra &#8211; SCADA (technologick\u00fd syst\u00e9m), RIS (Ropovodn\u00fd Informa\u010dn\u00fd syst\u00e9m), Bilancia ropy (SAP), Riadenie \u00fadr\u017eby a opr\u00e1v (SAP PM), iCard, Incident Control, SAP ERP Integr\u00e1cia SAP &hellip; <\/p>\n<p class=\"link-more\"><a href=\"https:\/\/www.jazaconsulting.sk\/?page_id=146\" class=\"more-link\">Pokra\u010dova\u0165 v \u010d\u00edtan\u00ed<span class=\"screen-reader-text\"> &#8222;Orchestra&#8220;<\/span><\/a><\/p>\n","protected":false},"author":1,"featured_media":0,"parent":130,"menu_order":6,"comment_status":"closed","ping_status":"closed","template":"","meta":{"footnotes":""},"_links":{"self":[{"href":"https:\/\/www.jazaconsulting.sk\/index.php?rest_route=\/wp\/v2\/pages\/146"}],"collection":[{"href":"https:\/\/www.jazaconsulting.sk\/index.php?rest_route=\/wp\/v2\/pages"}],"about":[{"href":"https:\/\/www.jazaconsulting.sk\/index.php?rest_route=\/wp\/v2\/types\/page"}],"author":[{"embeddable":true,"href":"https:\/\/www.jazaconsulting.sk\/index.php?rest_route=\/wp\/v2\/users\/1"}],"replies":[{"embeddable":true,"href":"https:\/\/www.jazaconsulting.sk\/index.php?rest_route=%2Fwp%2Fv2%2Fcomments&post=146"}],"version-history":[{"count":10,"href":"https:\/\/www.jazaconsulting.sk\/index.php?rest_route=\/wp\/v2\/pages\/146\/revisions"}],"predecessor-version":[{"id":725,"href":"https:\/\/www.jazaconsulting.sk\/index.php?rest_route=\/wp\/v2\/pages\/146\/revisions\/725"}],"up":[{"embeddable":true,"href":"https:\/\/www.jazaconsulting.sk\/index.php?rest_route=\/wp\/v2\/pages\/130"}],"wp:attachment":[{"href":"https:\/\/www.jazaconsulting.sk\/index.php?rest_route=%2Fwp%2Fv2%2Fmedia&parent=146"}],"curies":[{"name":"wp","href":"https:\/\/api.w.org\/{rel}","templated":true}]}}